by 7?
2
What is the remainder when 30 is divided by 13?
4
What is the remainder when 205 is divided by 21?
16
Calculate the remainder when 69 is divided by 19.
12
What is the remainder when 1321 is divided by 325?
21
What is the remainder when 3590 is divided by 156?
2
Calculate the remainder when 26 is divided by 13.
0
Calculate the remainder when 3757 is divided by 19.
14
What is the remainder when 6466 is divided by 98?
96
What is the remainder when 3959 is divided by 12?
11
Calculate the remainder when 143 is divided by 72.
71
What is the remainder when 140 is divided by 36?
32
Calculate the remainder when 821 is divided by 150.
71
Calculate the remainder when 44 is divided by 31.
13
What is the remainder when 391 is divided by 79?
75
Calculate the remainder when 129 is divided by 33.
30
Calculate the remainder when 1313 is divided by 329.
326
What is the remainder when 879 is divided by 74?
65
What is the remainder when 105 is divided by 9?
6
What is the remainder when 100 is divided by 30?
10
Calculate the remainder when 4482 is divided by 15.
12
Calculate the remainder when 1266 is divided by 181.
180
Calculate the remainder when 60 is divided by 55.
5
Calculate the remainder when 216 is divided by 69.
9
Calculate the remainder when 193 is divided by 14.
11
Calculate the remainder when 1072 is divided by 5.
2
Calculate the remainder when 246 is divided by 9.
3
What is the remainder when 458 is divided by 77?
73
Calculate the remainder when 352 is divided by 124.
104
Calculate the remainder when 38 is divided by 23.
15
Calculate the remainder when 2243 is divided by 106.
17
Calculate the remainder when 708 is divided by 33.
15
Calculate the remainder when 23612 is divided by 32.
28
Calculate the remainder when 999 is divided by 90.
9
Calculate the remainder when 340 is divided by 321.
19
Calculate the remainder when 162 is divided by 37.
14
What is the remainder when 1237 is divided by 21?
19
What is the remainder when 920 is divided by 453?
14
Calculate the remainder when 131 is divided by 42.
5
What is the remainder when 148 is divided by 10?
8
What is the remainder when 98 is divided by 9?
8
Calculate the remainder when 152 is divided by 58.
36
Calculate the remainder when 453 is divided by 19.
16
What is the remainder when 7136 is divided by 52?
12
What is the remainder when 110 is divided by 59?
51
Calculate the remainder when 130 is divided by 43.
1
Calculate the remainder when 782 is divided by 155.
7
Calculate the remainder when 903 is divided by 108.
39
Calculate the remainder when 1975 is divided by 9.
4
Calculate the remainder when 135 is divided by 49.
37
What is the remainder when 253 is divided by 87?
79
Calculate the remainder when 1176 is divided by 6.
0
Calculate the remainder when 836 is divided by 105.
101
Calculate the remainder when 968 is divided by 18.
14
Calculate the remainder when 5707 is divided by 24.
19
What is the remainder when 251 is divided by 59?
15
What is the remainder when 224 is divided by 215?
9
What is the remainder when 998 is divided by 27?
26
Calculate the remainder when 1258 is divided by 32.
10
Calculate the remainder when 1856 is divided by 184.
16
What is the remainder when 2231 is divided by 29?
27
What is the remainder when 1524 is divided by 9?
3
What is the remainder when 33 is divided by 5?
3
Calculate the remainder when 677 is divided by 222.
11
Calculate the remainder when 2859 is divided by 143.
142
Calculate the remainder when 1538 is divided by 415.
293
Calculate the remainder when 133 is divided by 116.
17
Calculate the remainder when 851 is divided by 125.
101
Calculate the remainder when 759 is divided by 13.
5
What is the remainder when 7829 is divided by 41?
39
Calculate the remainder when 438 is divided by 44.
42
Calculate the remainder when 1816 is divided by 363.
1
Calculate the remainder when 157 is divided by 40.
37
What is the remainder when 565 is divided by 96?
85
Calculate the remainder when 229 is divided by 129.
100
What is the remainder when 431 is divided by 12?
11
Calculate the remainder when 21596 is divided by 75.
71
Calculate the remainder when 4339 is divided by 70.
69
What is the remainder when 119 is divided by 31?
26
Calculate the remainder when 246 is divided by 77.
15
Calculate the remainder when 53 is divided by 35.
18
What is the remainder when 1611 is divided by 13?
12
What is the remainder when 143 is divided by 44?
11
What is the remainder when 189 is divided by 29?
15
Calculate the remainder when 370 is divided by 12.
10
What is the remainder when 979 is divided by 98?
97
What is the remainder when 905 is divided by 404?
97
Calculate the remainder when 1559 is divided by 265.
234
What is the remainder when 1364 is divided by 275?
264
Calculate the remainder when 6047 is divided by 22.
19
Calculate the remainder when 111 is divided by 56.
55
Calculate the remainder when 13797 is divided by 92.
89
What is the remainder when 253 is divided by 65?
58
Calculate the remainder when 201 is divided by 19.
11
Calculate the remainder when 326 is divided by 11.
7
Calculate the remainder when 637 is divided by 185.
82
What is the remainder when 106 is divided by 36?
34
What is the remainder when 2648 is divided by 52?
48
Calculate the remainder when 457 is divided by 9.
7
What is the remainder when 641 is divided by 614?
27
What is the remainder when 225 is divided by 19?
16
Calculate the remainder when 265 is divided by 70.
55
What is the remainder when 182 is divided by 72?
38
Calculate the remainder when 150 is divided by 55.
40
What is the remainder when 1108 is divided by 281?
265
Calculate the remainder when 235 is divided by 54.
19
Calculate the remainder when 10 is divided by 3.
1
What is the remainder when 8115 is divided by 123?
120
Calculate the remainder when 563 is divided by 187.
2
What is the remainder when 834 is divided by 832?
2
What is the remainder when 40 is divided by 33?
7
What is the remainder when 3322 is divided by 15?
7
What is the remainder when 505 is divided by 34?
29
Calculate the remainder when 287 is divided by 162.
125
What is the remainder when 459 is divided by 116?
111
What is the remainder when 266 is divided by 136?
130
Calculate the remainder when 148 is divided by 49.
1
What is the remainder when 109 is divided by 105?
4
Calculate the remainder when 23 is divided by 9.
5
What is the remainder when 11387 is divided by 7?
5
Calculate the remainder when 2143 is divided by 32.
31
What is the remainder when 11 is divided by 3?
2
Calculate the remainder when 501 is divided by 52.
33
What is the remainder when 167 is divided by 33?
2
What is the remainder when 407 is divided by 145?
117
Calculate the remainder when 570 is divided by 188.
6
Calculate the remainder when 4616 is divided by 149.
146
Calculate the remainder when 135 is divided by 24.
15
What is the remainder when 309 is divided by 103?
0
Calculate the remainder when 51 is divided by 31.
20
What is the remainder when 167 is divided by 57?
53
What is the remainder when 110 is divided by 29?
23
Calculate the remainder when 651 is divided by 67.
48
What is the remainder when 2068 is divided by 2041?
27
Calculate the remainder when 120 is divided by 45.
30
What is the remainder when 88 is divided by 2?
0
What is the remainder when 311 is divided by 68?
39
What is the remainder when 286 is divided by 54?
16
Calculate the remainder when 14277 is divided by 15.
12
Calculate the remainder when 395 is divided by 137.
121
Calculate the remainder when 298 is divided by 13.
12
What is the remainder when 332 is divided by 28?
24
Calculate the remainder when 987 is divided by 23.
21
What is the remainder when 1509 is divided by 18?
15
What is the remainder when 117 is divided by 61?
56
Calculate the remainder when 815 is divided by 9.
5
Calculate the remainder when 3293 is divided by 103.
100
What is the remainder when 333 is divided by 42?
39
What is the remainder when 76 is divided by 29?
18
Calculate the remainder when 526 is divided by 17.
16
What is the remainder when 563 is divided by 94?
93
What is the remainder when 104 is divided by 10?
4
Calculate the remainder when 712 is divided by 21.
19
What is the remainder when 286 is divided by 68?
14
Calculate the remainder 